e the greatest common divisor of 22 and f.
2
Let h be 576*1/9*129/43. Calculate the greatest common divisor of 256 and h.
64
Let q = -32 - -20. Let n = q - -11. Let v(y) = -19*y**3 + 2*y**2 + y. Let t be v(n). What is the greatest common divisor of 10 and t?
10
Let i be (-1 + 2)*(24 - -1). Let r = -15 + i. Let j = 14 - 4. What is the greatest common factor of r and j?
10
Let v = -59 + 98. Suppose -130 = 2*d + 3*d. Let x = -13 - d. What is the greatest common divisor of x and v?
13
Suppose 4*j + 312 = -j - c, 0 = -j + 2*c - 58. Let h be ((-589)/j)/(2/36). What is the highest common factor of h and 9?
9
Let a(l) be the first derivative of 7 - l + 0*l**2 + 16/3*l**3. Let g be a(1). What is the highest common factor of g and 3?
3
Let o be (3 + 1 - 1) + 9. Suppose 5*f - 645 = -3*i, -223 = -2*f - i + 36. What is the greatest common factor of f and o?
12
Suppose -2*b = -3*u, -5*b - 16 = -u - 3. Let i be u*(-315)/(-12)*-6. What is the greatest common divisor of 45 and i?
45
Suppose 0 = 720*i - 727*i + 441. Calculate the highest common divisor of i and 21.
21
Suppose 0 = -4*w + 3*o + 3417, -3*w - o + 448 + 2131 = 0. What is the greatest common divisor of 132 and w?
66
Let q be 8/12*(12 - 0). Suppose -t - q = -5*t. Suppose 3*f - 3*z - 246 = 0, -5*f + 241 = -2*f - t*z. Calculate the greatest common factor of f and 11.
11
Suppose 76 = 4*b - 4*v, 2*b - 2*v - v = 41. Calculate the highest common divisor of b and 848.
16
Let u = -53 - -66. Suppose -2*v - 2*v = -468. Calculate the greatest common divisor of u and v.
13
Let p be 12/(-9)*-24*(-4)/8. Let q = p - -33. Let w(j) = 6*j**3 - 3*j**2 + j - 2. Let o be w(3). What is the highest common factor of o and q?
17
Let j(y) be the third derivative of y**5/15 + 77*y**3/6 + 35*y**2. Let z be j(0). Calculate the greatest common factor of 7 and z.
7
Let r(i) = 71*i + 186. Let w be r(4). What is the highest common factor of 10 and w?
10
Let k(a) = -5*a + 155. Let w be k(19). Let x be (37 - -4) + (-1 - 0). Calculate the highest common factor of w and x.
20
Suppose 94*m - 91*m - 48 = 0. Calculate the highest common factor of m and 16.
16
Let m(n) = -n**3 + 7*n + 6. Let w be m(0). What is the highest common divisor of 366 and w?
6
Suppose j + 2*u - 768 = -2*u, -4*j + 3152 = -4*u. Calculate the highest common factor of j and 49.
49
Let w(t) = t**2 + 9*t + 5. Let n be w(4). Let o be (0 + -78)/(n/(-76)). Calculate the highest common divisor of o and 39.
13
Let u(n) be the first derivative of -n**4 - n**3 - 6*n - 10. Let y be u(-3). What is the highest common divisor of y and 30?
15
Let n = 299 - 189. Suppose m + 0*m - 2*x = 12, 0 = -x + 5. Calculate the highest common factor of m and n.
22
Suppose 2*m = -t + 227, -m - 31*t + 109 = -32*t. What is the highest common factor of m and 136?
8
Suppose -2*h + 1 = -59. Suppose -2*l - l + h = 0. Suppose l*u - 5*u = 475. What is the greatest common divisor of u and 19?
19
Suppose -6*i = -38 + 14. What is the highest common divisor of 92 and i?
4
Suppose -g = -3*z - 3*g + 2, -3*z - 5*g - 13 = 0. Let q be (-100)/(-15)*(-6)/(-4). What is the highest common divisor of q and z?
2
Suppose -15*f - 96 = -18*f + 3*c, 2*c = f - 28. What is the greatest common factor of 396 and f?
36
Let f be 2 - ((-16)/4 - 624). Suppose 530 = 8*d - f. Let n(v) = -v + 29. Let g be n(0). Calculate the highest common divisor of d and g.
29
Let u = -38 - -43. Suppose 2*j + 2*b = -b + 38, -95 = -5*j + u*b. Calculate the greatest common factor of j and 38.
19
Suppose 0 = -w - 16 + 28. What is the greatest common factor of w and 156?
12
Let i(c) = -c**3 + 8*c**2 + 7*c - 18. Let j be i(3). Calculate the greatest common divisor of j and 84.
12
Suppose 2*t + 2*t - 8 = 0. Suppose 0*z + z - 80 = -4*m, 0 = t*m + 2. Suppose 5*v = v + 48. Calculate the highest common divisor of v and z.
12
Suppose 8*n = 10*n - 12. Calculate the greatest common factor of n and 174.
6
Let v be 4 + (-3 - (-1 + -4)). Let p be v/4 - 279/(-6). Calculate the highest common factor of 32 and p.
16
Suppose i + 2*h = -21 - 17, -3*i - 119 = 5*h. Let d = -23 - i. Suppose -f - d = -65. Calculate the highest common factor of 5 and f.
5
Let f(p) = -p**2 - 33*p - 127. Let b be f(-6). What is the greatest common divisor of 80 and b?
5
Let l(p) = 18*p - 76. Let b be l(6). Calculate the highest common factor of b and 72.
8
Let f be 105/2 + -4 + 105/30. What is the highest common factor of 20 and f?
4
Let v be 253 - 36/(-45)*10/4. Calculate the highest common divisor of v and 30.
15
Let r(j) = j + 16. Let k be r(-14). Let h be (-33 + -7)*k/2*-1. What is the greatest common factor of 440 and h?
40
Let j(z) = -2*z**3 - 5*z**2 + 8*z - 2. Let n be j(-4). Let g = 31 + -15. Suppose 12 + g = 2*s. Calculate the greatest common factor of n and s.
14
Let v = 15 - -16. Suppose -v = -s - 3*c, -3*c + 3 = -0. Suppose -4*r + 52 = j - 8, j - 4 = 0. Calculate the highest common factor of s and r.
14
Suppose 0 = -0*y - 3*y. Suppose y = 3*m - 2 - 1. What is the greatest common divisor of m and 4?
1
Suppose -7 = w + 4*z, 12 = -w - 5*z + 3. Let u be w + -3 + 37 - 1. Suppose j + u = 3*j. Calculate the greatest common factor of 153 and j.
17
Suppose -64*o + 97*o - 1980 = 0. What is the highest common factor of 380 and o?
20
Suppose -4*y = d - 26, 4*y - 16 = 3*d + d. Let w(h) = h - 3 + 10 + y*h. Let t be w(5). What is the greatest common factor of 63 and t?
21
Suppose -32*s = 3*s - 6475. Calculate the greatest common factor of 111 and s.
37
Suppose 4*r - 4 = -28. Let s be -16*((-100)/16 - -4). Let n = s + r. What is the greatest common factor of n and 30?
30
Let q be -5*(5 + -6) + 52. Calculate the greatest common divisor of 3 and q.
3
Let y be -13 - -1 - (-10 + 13). Let l be 10/y + 14/3. Let f be (-6)/((-1)/((-8)/(-3))). Calculate the highest common factor of f and l.
4
Suppose -z + 3*n = 2*z, 0 = 2*z - 4*n - 6. Let w = z - 26. Let h = -18 - w. What is the highest common factor of h and 44?
11
Let u be 124*((-1)/(-6))/(94/141). What is the highest common divisor of u and 1829?
31
Let z = 1056 - 1016. What is the greatest common factor of 440 and z?
40
Suppose -5 = -t + 6. Suppose -b - 11 = 4*o, 6 = 4*b - 3*o - 7. What is the highest common divisor of t and b?
1
Suppose w + 51 = 2*w. Suppose -12*l + w = -105. What is the highest common divisor of l and 117?
13
Let k = 24 - 0. Suppose 2*x - 3*x = -k. Suppose 392 = 4*c - 2*c + 4*i, -4*c + 2*i + 764 = 0. Calculate the highest common divisor of x and c.
24
Let a = -26 + 41. Let l be (2 + -3)*(-1 + 7). Let z be (-9)/((-27)/l) + 137. Calculate the greatest common divisor of z and a.
15
Suppose -c + 2*c = 59. Let x = c - 49. What is the highest common divisor of x and 70?
10
Let u be -8 + 0 - -13 - (-90)/2. What is the highest common divisor of u and 75?
25
Suppose -28 = 6*g - 8*g. Calculate the greatest common divisor of 350 and g.
14
Let m be 2/((-4)/(-3506)) + -1. Let k = m - 1221. Let s = k + -315. Calculate the highest common divisor of s and 24.
24
Let j(m) = 21*m - 127. Let r be j(7). Calculate the highest common factor of 260 and r.
20
Suppose -11*k + 3*k = -1152. Calculate the highest common factor of k and 180.
36
Let n(s) = -s - 7. Let x be n(-9). Suppose -5*i = b - 246 - 4, -b + 223 = -4*i. Suppose 25 - b = -x*p. Calculate the greatest common factor of 21 and p.
21
Let k = 35 + -32. Suppose 5 = -k*x + 41. What is the highest common factor of x and 36?
12
Let b be (-60)/(((-23)/(-138))/(2/(-18))). What is the highest common divisor of b and 200?
40
Let n(z) = z**3 + 5*z**2 - 2*z + 3. Let l be n(-5). Suppose 0 = x - 46 - 45. Suppose 3*m = 4*m - x. Calculate the highest common factor of l and m.
13
Let o = 2462 - 2106. Calculate the highest common factor of o and 4.
4
Let b be 5 - ((-35)/7 + -5). Suppose 3*y - 126 = -4*j, -5*j = -2*y - 105 - 41. Calculate the highest common divisor of j and b.
15
Suppose -2*v + 4*k = -10, 3*v - k - 19 = -4. Suppose -4*y = -3 - v. Suppose -c = 4*o - 28, -o + 24 = y*c - 32. Calculate the highest common factor of c and 4.
4
Let x(p) = p**3 + 3*p**2 - 5*p + 10. Let n be x(-5). Let j(b) = b + 28. Let t be j(n). Let i = -58 + 97. Calculate the highest common divisor of i and t.
13
Let v = 30 + -30. Suppose 7*a + 0*a - 168 = v. Calculate the greatest common factor of a and 24.
24
Let j(k) = k**2 - 6*k 